{"id":17407,"date":"2025-11-10T14:50:22","date_gmt":"2025-11-10T14:50:22","guid":{"rendered":"http:\/\/www.sacs.gob.ve\/site\/?page_id=17407"},"modified":"2025-11-26T13:59:56","modified_gmt":"2025-11-26T13:59:56","slug":"recaudos-de-profesionales-de-la-salud","status":"publish","type":"page","link":"http:\/\/www.sacs.gob.ve\/site\/recaudos-de-profesionales-de-la-salud\/","title":{"rendered":"Recaudos de Profesionales de la Salud"},"content":{"rendered":"\t\t<div data-elementor-type=\"wp-page\" data-elementor-id=\"17407\" class=\"elementor elementor-17407\">\n\t\t\t\t\t\t<section class=\"elementor-section elementor-top-section elementor-element elementor-element-2665408 elementor-section-boxed elementor-section-height-default elementor-section-height-default\" data-id=\"2665408\" data-element_type=\"section\">\n\t\t\t\t\t\t<div class=\"elementor-container elementor-column-gap-default\">\n\t\t\t\t\t<div class=\"elementor-column elementor-col-100 elementor-top-column elementor-element elementor-element-962c95d\" data-id=\"962c95d\" data-element_type=\"column\">\n\t\t\t<div class=\"elementor-widget-wrap elementor-element-populated\">\n\t\t\t\t\t\t<div class=\"elementor-element elementor-element-96ca2e4 elementor-widget elementor-widget-image\" data-id=\"96ca2e4\" data-element_type=\"widget\" data-widget_type=\"image.default\">\n\t\t\t\t<div class=\"elementor-widget-container\">\n\t\t\t\t\t\t\t\t\t\t\t\t\t<img fetchpriority=\"high\" decoding=\"async\" width=\"1024\" height=\"180\" src=\"http:\/\/www.sacs.gob.ve\/site\/wp-content\/uploads\/2022\/11\/Equipos-Medicosssss.jpg\" class=\"attachment-large size-large wp-image-10997\" alt=\"\" srcset=\"http:\/\/www.sacs.gob.ve\/site\/wp-content\/uploads\/2022\/11\/Equipos-Medicosssss.jpg 1024w, http:\/\/www.sacs.gob.ve\/site\/wp-content\/uploads\/2022\/11\/Equipos-Medicosssss-300x53.jpg 300w, http:\/\/www.sacs.gob.ve\/site\/wp-content\/uploads\/2022\/11\/Equipos-Medicosssss-768x135.jpg 768w\" sizes=\"(max-width: 1024px) 100vw, 1024px\" \/>\t\t\t\t\t\t\t\t\t\t\t\t\t<\/div>\n\t\t\t\t<\/div>\n\t\t\t\t\t<\/div>\n\t\t<\/div>\n\t\t\t\t\t<\/div>\n\t\t<\/section>\n\t\t\t\t<section class=\"elementor-section elementor-top-section elementor-element elementor-element-278f4b8 elementor-section-boxed elementor-section-height-default elementor-section-height-default\" data-id=\"278f4b8\" data-element_type=\"section\">\n\t\t\t\t\t\t<div class=\"elementor-container elementor-column-gap-default\">\n\t\t\t\t\t<div class=\"elementor-column elementor-col-100 elementor-top-column elementor-element elementor-element-34fb60c\" data-id=\"34fb60c\" data-element_type=\"column\">\n\t\t\t<div class=\"elementor-widget-wrap elementor-element-populated\">\n\t\t\t\t\t\t<div class=\"elementor-element elementor-element-a4f9850 elementor-widget elementor-widget-heading\" data-id=\"a4f9850\" data-element_type=\"widget\" data-widget_type=\"heading.default\">\n\t\t\t\t<div class=\"elementor-widget-container\">\n\t\t\t<h2 class=\"elementor-heading-title elementor-size-default\"><main role=\"main\"><article><div data-elementor-type=\"wp-page\" data-elementor-id=\"14\"><section data-id=\"6f07e17\" data-element_type=\"section\"><div data-id=\"c6a1d52\" data-element_type=\"column\"><div data-id=\"7e72d13\" data-element_type=\"widget\" data-widget_type=\"heading.default\"><h2><table cellspacing=\"0\" cellpadding=\"2\"><tbody><tr bgcolor=\"#cf4e51\"><td colspan=\"3\" width=\"639\"><h2><span style=\"letter-spacing: 0px; background-color: transparent;\"><font size=\"3\" face=\"arial, helvetica, sans-serif\" color=\"#ffffff\">Recaudos de la Direcci\u00f3n de Legalizaci\u00f3n y Vigilancia de Libre Ejercicio de los  Profesionales de Salud Division de Registros y Control de Profesionales de la Salud <\/font><\/span><\/h2><h2><p align=\"center\"><font size=\"3\" face=\"arial, helvetica, sans-serif\" color=\"#ffffff\"> <\/font><\/p><\/h2><\/td><\/tr><\/tbody><\/table><span style=\"background-color: transparent; color: var(--global-palette3); font-family: var(--global-heading-font-family); letter-spacing: 0px;\"><\/span><\/h2><\/div><\/div><\/section><\/div><\/article><\/main><\/h2>\t\t<\/div>\n\t\t\t\t<\/div>\n\t\t\t\t\t<\/div>\n\t\t<\/div>\n\t\t\t\t\t<\/div>\n\t\t<\/section>\n\t\t\t\t<section class=\"elementor-section elementor-top-section elementor-element elementor-element-f110ce0 elementor-section-boxed elementor-section-height-default elementor-section-height-default\" data-id=\"f110ce0\" data-element_type=\"section\">\n\t\t\t\t\t\t<div class=\"elementor-container elementor-column-gap-default\">\n\t\t\t\t\t<div class=\"elementor-column elementor-col-100 elementor-top-column elementor-element elementor-element-183ba17\" data-id=\"183ba17\" data-element_type=\"column\">\n\t\t\t<div class=\"elementor-widget-wrap elementor-element-populated\">\n\t\t\t\t\t\t<div class=\"elementor-element elementor-element-1f605be elementor-widget elementor-widget-eael-adv-accordion\" data-id=\"1f605be\" data-element_type=\"widget\" data-widget_type=\"eael-adv-accordion.default\">\n\t\t\t\t<div class=\"elementor-widget-container\">\n\t\t\t        <div class=\"eael-adv-accordion\" id=\"eael-adv-accordion-1f605be\" data-scroll-on-click=\"no\" data-scroll-speed=\"300\" data-accordion-id=\"1f605be\" data-accordion-type=\"accordion\" data-toogle-speed=\"300\">\n    <div class=\"eael-accordion-list\">\n                <div id=\"1-recaudos-para-la-certificacin-de-haber-cumplido-el-artculo-8-de-la-ley-del-ejercicio-de-la-medicina-exterior\" class=\"elementor-tab-title eael-accordion-header\" tabindex=\"0\" data-tab=\"1\" aria-controls=\"elementor-tab-content-3291\"><span class=\"eael-advanced-accordion-icon-closed\"><svg aria-hidden=\"true\" class=\"fa-accordion-icon e-font-icon-svg e-fas-plus\" viewBox=\"0 0 448 512\" xmlns=\"http:\/\/www.w3.org\/2000\/svg\"><path d=\"M416 208H272V64c0-17.67-14.33-32-32-32h-32c-17.67 0-32 14.33-32 32v144H32c-17.67 0-32 14.33-32 32v32c0 17.67 14.33 32 32 32h144v144c0 17.67 14.33 32 32 32h32c17.67 0 32-14.33 32-32V304h144c17.67 0 32-14.33 32-32v-32c0-17.67-14.33-32-32-32z\"><\/path><\/svg><\/span><span class=\"eael-advanced-accordion-icon-opened\"><svg aria-hidden=\"true\" class=\"fa-accordion-icon e-font-icon-svg e-fas-minus\" viewBox=\"0 0 448 512\" xmlns=\"http:\/\/www.w3.org\/2000\/svg\"><path d=\"M416 208H32c-17.67 0-32 14.33-32 32v32c0 17.67 14.33 32 32 32h384c17.67 0 32-14.33 32-32v-32c0-17.67-14.33-32-32-32z\"><\/path><\/svg><\/span><span class=\"eael-accordion-tab-title\">1\u00b0 Recaudos para la Certificaci\u00f3n de Haber Cumplido el Art\u00edculo 8 de la Ley del Ejercicio de la Medicina (Exterior)<\/span><\/div><div id=\"elementor-tab-content-3291\" class=\"eael-accordion-content clearfix\" data-tab=\"1\" aria-labelledby=\"1-recaudos-para-la-certificacin-de-haber-cumplido-el-artculo-8-de-la-ley-del-ejercicio-de-la-medicina-exterior\"><a href=\"http:\/\/www.sacs.gob.ve\/site\/wp-content\/uploads\/2025\/11\/1-Certificacion-Articulo-8-Exterior-2.pdf\" download=\"\">Haz clic aqu\u00ed para descargar el archivo<\/a><\/div>\n                <\/div><div class=\"eael-accordion-list\">\n                <div id=\"2-recaudos-para-la-certificacin-de-registro-como-profesional-en-el-mpps-exterior\" class=\"elementor-tab-title eael-accordion-header\" tabindex=\"0\" data-tab=\"2\" aria-controls=\"elementor-tab-content-3292\"><span class=\"eael-advanced-accordion-icon-closed\"><svg aria-hidden=\"true\" class=\"fa-accordion-icon e-font-icon-svg e-fas-plus\" viewBox=\"0 0 448 512\" xmlns=\"http:\/\/www.w3.org\/2000\/svg\"><path d=\"M416 208H272V64c0-17.67-14.33-32-32-32h-32c-17.67 0-32 14.33-32 32v144H32c-17.67 0-32 14.33-32 32v32c0 17.67 14.33 32 32 32h144v144c0 17.67 14.33 32 32 32h32c17.67 0 32-14.33 32-32V304h144c17.67 0 32-14.33 32-32v-32c0-17.67-14.33-32-32-32z\"><\/path><\/svg><\/span><span class=\"eael-advanced-accordion-icon-opened\"><svg aria-hidden=\"true\" class=\"fa-accordion-icon e-font-icon-svg e-fas-minus\" viewBox=\"0 0 448 512\" xmlns=\"http:\/\/www.w3.org\/2000\/svg\"><path d=\"M416 208H32c-17.67 0-32 14.33-32 32v32c0 17.67 14.33 32 32 32h384c17.67 0 32-14.33 32-32v-32c0-17.67-14.33-32-32-32z\"><\/path><\/svg><\/span><span class=\"eael-accordion-tab-title\">2\u00b0 Recaudos para la Certificaci\u00f3n de Registro como Profesional en el MPPS (Exterior)<\/span><\/div><div id=\"elementor-tab-content-3292\" class=\"eael-accordion-content clearfix\" data-tab=\"2\" aria-labelledby=\"2-recaudos-para-la-certificacin-de-registro-como-profesional-en-el-mpps-exterior\"><a href=\"http:\/\/www.sacs.gob.ve\/site\/wp-content\/uploads\/2025\/11\/2-Certificacion-de-Registro-Profesional-Exterior-2.pdf\" download=\"\">Haz clic aqu\u00ed para descargar el archivo<\/a><\/div>\n                <\/div><div class=\"eael-accordion-list\">\n                <div id=\"3-recaudos-para-la-certificacin-de-registro-de-ttulo-de-postgrado-en-el-mpps-exterior\" class=\"elementor-tab-title eael-accordion-header\" tabindex=\"0\" data-tab=\"3\" aria-controls=\"elementor-tab-content-3293\"><span class=\"eael-advanced-accordion-icon-closed\"><svg aria-hidden=\"true\" class=\"fa-accordion-icon e-font-icon-svg e-fas-plus\" viewBox=\"0 0 448 512\" xmlns=\"http:\/\/www.w3.org\/2000\/svg\"><path d=\"M416 208H272V64c0-17.67-14.33-32-32-32h-32c-17.67 0-32 14.33-32 32v144H32c-17.67 0-32 14.33-32 32v32c0 17.67 14.33 32 32 32h144v144c0 17.67 14.33 32 32 32h32c17.67 0 32-14.33 32-32V304h144c17.67 0 32-14.33 32-32v-32c0-17.67-14.33-32-32-32z\"><\/path><\/svg><\/span><span class=\"eael-advanced-accordion-icon-opened\"><svg aria-hidden=\"true\" class=\"fa-accordion-icon e-font-icon-svg e-fas-minus\" viewBox=\"0 0 448 512\" xmlns=\"http:\/\/www.w3.org\/2000\/svg\"><path d=\"M416 208H32c-17.67 0-32 14.33-32 32v32c0 17.67 14.33 32 32 32h384c17.67 0 32-14.33 32-32v-32c0-17.67-14.33-32-32-32z\"><\/path><\/svg><\/span><span class=\"eael-accordion-tab-title\">3\u00b0 Recaudos para la Certificaci\u00f3n de Registro de T\u00edtulo de Postgrado en el MPPS (Exterior)<\/span><\/div><div id=\"elementor-tab-content-3293\" class=\"eael-accordion-content clearfix\" data-tab=\"3\" aria-labelledby=\"3-recaudos-para-la-certificacin-de-registro-de-ttulo-de-postgrado-en-el-mpps-exterior\"><a href=\"http:\/\/www.sacs.gob.ve\/site\/wp-content\/uploads\/2025\/11\/3-Certificacion-Registro-de-Titulo-de-Postgrado-Exterior-2.pdf\" download=\"\">Haz clic aqu\u00ed para descargar el archivo<\/a><\/div>\n                <\/div><div class=\"eael-accordion-list\">\n                <div id=\"4-recaudos-para-la-certificacin-de-registro-en-el-ministerio-del-poder-popular-para-la-salud-exterior\" class=\"elementor-tab-title eael-accordion-header\" tabindex=\"0\" data-tab=\"4\" aria-controls=\"elementor-tab-content-3294\"><span class=\"eael-advanced-accordion-icon-closed\"><svg aria-hidden=\"true\" class=\"fa-accordion-icon e-font-icon-svg e-fas-plus\" viewBox=\"0 0 448 512\" xmlns=\"http:\/\/www.w3.org\/2000\/svg\"><path d=\"M416 208H272V64c0-17.67-14.33-32-32-32h-32c-17.67 0-32 14.33-32 32v144H32c-17.67 0-32 14.33-32 32v32c0 17.67 14.33 32 32 32h144v144c0 17.67 14.33 32 32 32h32c17.67 0 32-14.33 32-32V304h144c17.67 0 32-14.33 32-32v-32c0-17.67-14.33-32-32-32z\"><\/path><\/svg><\/span><span class=\"eael-advanced-accordion-icon-opened\"><svg aria-hidden=\"true\" class=\"fa-accordion-icon e-font-icon-svg e-fas-minus\" viewBox=\"0 0 448 512\" xmlns=\"http:\/\/www.w3.org\/2000\/svg\"><path d=\"M416 208H32c-17.67 0-32 14.33-32 32v32c0 17.67 14.33 32 32 32h384c17.67 0 32-14.33 32-32v-32c0-17.67-14.33-32-32-32z\"><\/path><\/svg><\/span><span class=\"eael-accordion-tab-title\">4\u00b0 Recaudos para la Certificaci\u00f3n de Registro en el Ministerio del Poder Popular para la Salud (Exterior)<\/span><\/div><div id=\"elementor-tab-content-3294\" class=\"eael-accordion-content clearfix\" data-tab=\"4\" aria-labelledby=\"4-recaudos-para-la-certificacin-de-registro-en-el-ministerio-del-poder-popular-para-la-salud-exterior\"><a href=\"http:\/\/www.sacs.gob.ve\/site\/wp-content\/uploads\/2025\/11\/4-Certificacion-de-Registro-MPPS-Exterior-2.pdf\" download=\"\">Haz clic aqu\u00ed para descargar el archivo<\/a><\/div>\n                <\/div><div class=\"eael-accordion-list\">\n                <div id=\"5-recaudos-para-la-certificacin-de-tercero-como-profesional-de-la-salud-firmante-exterior\" class=\"elementor-tab-title eael-accordion-header\" tabindex=\"0\" data-tab=\"5\" aria-controls=\"elementor-tab-content-3295\"><span class=\"eael-advanced-accordion-icon-closed\"><svg aria-hidden=\"true\" class=\"fa-accordion-icon e-font-icon-svg e-fas-plus\" viewBox=\"0 0 448 512\" xmlns=\"http:\/\/www.w3.org\/2000\/svg\"><path d=\"M416 208H272V64c0-17.67-14.33-32-32-32h-32c-17.67 0-32 14.33-32 32v144H32c-17.67 0-32 14.33-32 32v32c0 17.67 14.33 32 32 32h144v144c0 17.67 14.33 32 32 32h32c17.67 0 32-14.33 32-32V304h144c17.67 0 32-14.33 32-32v-32c0-17.67-14.33-32-32-32z\"><\/path><\/svg><\/span><span class=\"eael-advanced-accordion-icon-opened\"><svg aria-hidden=\"true\" class=\"fa-accordion-icon e-font-icon-svg e-fas-minus\" viewBox=\"0 0 448 512\" xmlns=\"http:\/\/www.w3.org\/2000\/svg\"><path d=\"M416 208H32c-17.67 0-32 14.33-32 32v32c0 17.67 14.33 32 32 32h384c17.67 0 32-14.33 32-32v-32c0-17.67-14.33-32-32-32z\"><\/path><\/svg><\/span><span class=\"eael-accordion-tab-title\">5\u00b0 Recaudos para la Certificaci\u00f3n de Tercero como Profesional de la Salud Firmante (Exterior)<\/span><\/div><div id=\"elementor-tab-content-3295\" class=\"eael-accordion-content clearfix\" data-tab=\"5\" aria-labelledby=\"5-recaudos-para-la-certificacin-de-tercero-como-profesional-de-la-salud-firmante-exterior\"><a href=\"http:\/\/www.sacs.gob.ve\/site\/wp-content\/uploads\/2025\/11\/5-Certificacion-deTercero-como-Firmante-Exterior-2.pdf\" download=\"\">Haz clic aqu\u00ed para descargar el archivo<\/a><\/div>\n                <\/div><div class=\"eael-accordion-list\">\n                <div id=\"6-registro-provisional-a-profesional-de-la-salud\" class=\"elementor-tab-title eael-accordion-header\" tabindex=\"0\" data-tab=\"6\" aria-controls=\"elementor-tab-content-3296\"><span class=\"eael-advanced-accordion-icon-closed\"><svg aria-hidden=\"true\" class=\"fa-accordion-icon e-font-icon-svg e-fas-plus\" viewBox=\"0 0 448 512\" xmlns=\"http:\/\/www.w3.org\/2000\/svg\"><path d=\"M416 208H272V64c0-17.67-14.33-32-32-32h-32c-17.67 0-32 14.33-32 32v144H32c-17.67 0-32 14.33-32 32v32c0 17.67 14.33 32 32 32h144v144c0 17.67 14.33 32 32 32h32c17.67 0 32-14.33 32-32V304h144c17.67 0 32-14.33 32-32v-32c0-17.67-14.33-32-32-32z\"><\/path><\/svg><\/span><span class=\"eael-advanced-accordion-icon-opened\"><svg aria-hidden=\"true\" class=\"fa-accordion-icon e-font-icon-svg e-fas-minus\" viewBox=\"0 0 448 512\" xmlns=\"http:\/\/www.w3.org\/2000\/svg\"><path d=\"M416 208H32c-17.67 0-32 14.33-32 32v32c0 17.67 14.33 32 32 32h384c17.67 0 32-14.33 32-32v-32c0-17.67-14.33-32-32-32z\"><\/path><\/svg><\/span><span class=\"eael-accordion-tab-title\">6\u00b0 Registro Provisional a Profesional de la Salud<\/span><\/div><div id=\"elementor-tab-content-3296\" class=\"eael-accordion-content clearfix\" data-tab=\"6\" aria-labelledby=\"6-registro-provisional-a-profesional-de-la-salud\"><a href=\"http:\/\/www.sacs.gob.ve\/site\/wp-content\/uploads\/2025\/11\/6-Registro-Provisional-a-Profesional-de-la-Salud-2.pdf\" download=\"\">Haz clic aqu\u00ed para descargar el archivo<\/a><\/div>\n                <\/div><div class=\"eael-accordion-list\">\n                <div id=\"7-recaudos-para-la-certificacin-de-registro-de-institucin-formadora-en-el-ministerio-del-poder-popular-para-la-salud-exterior\" class=\"elementor-tab-title eael-accordion-header\" tabindex=\"0\" data-tab=\"7\" aria-controls=\"elementor-tab-content-3297\"><span class=\"eael-advanced-accordion-icon-closed\"><svg aria-hidden=\"true\" class=\"fa-accordion-icon e-font-icon-svg e-fas-plus\" viewBox=\"0 0 448 512\" xmlns=\"http:\/\/www.w3.org\/2000\/svg\"><path d=\"M416 208H272V64c0-17.67-14.33-32-32-32h-32c-17.67 0-32 14.33-32 32v144H32c-17.67 0-32 14.33-32 32v32c0 17.67 14.33 32 32 32h144v144c0 17.67 14.33 32 32 32h32c17.67 0 32-14.33 32-32V304h144c17.67 0 32-14.33 32-32v-32c0-17.67-14.33-32-32-32z\"><\/path><\/svg><\/span><span class=\"eael-advanced-accordion-icon-opened\"><svg aria-hidden=\"true\" class=\"fa-accordion-icon e-font-icon-svg e-fas-minus\" viewBox=\"0 0 448 512\" xmlns=\"http:\/\/www.w3.org\/2000\/svg\"><path d=\"M416 208H32c-17.67 0-32 14.33-32 32v32c0 17.67 14.33 32 32 32h384c17.67 0 32-14.33 32-32v-32c0-17.67-14.33-32-32-32z\"><\/path><\/svg><\/span><span class=\"eael-accordion-tab-title\">7\u00b0 Recaudos para la Certificaci\u00f3n de Registro de Instituci\u00f3n Formadora en el Ministerio del Poder Popular para la Salud (Exterior)<\/span><\/div><div id=\"elementor-tab-content-3297\" class=\"eael-accordion-content clearfix\" data-tab=\"7\" aria-labelledby=\"7-recaudos-para-la-certificacin-de-registro-de-institucin-formadora-en-el-ministerio-del-poder-popular-para-la-salud-exterior\"><a href=\"http:\/\/www.sacs.gob.ve\/site\/wp-content\/uploads\/2025\/11\/7-Certificacion-de-Registro-de-Programa-de-Formacion-Exterior-2.pdf\" download=\"\">Haz clic aqu\u00ed para descargar el archivo<\/a><\/div>\n                <\/div><div class=\"eael-accordion-list\">\n                <div id=\"8-recaudos-para-el-registro-de-institucin-formadora-\" class=\"elementor-tab-title eael-accordion-header\" tabindex=\"0\" data-tab=\"8\" aria-controls=\"elementor-tab-content-3298\"><span class=\"eael-advanced-accordion-icon-closed\"><svg aria-hidden=\"true\" class=\"fa-accordion-icon e-font-icon-svg e-fas-plus\" viewBox=\"0 0 448 512\" xmlns=\"http:\/\/www.w3.org\/2000\/svg\"><path d=\"M416 208H272V64c0-17.67-14.33-32-32-32h-32c-17.67 0-32 14.33-32 32v144H32c-17.67 0-32 14.33-32 32v32c0 17.67 14.33 32 32 32h144v144c0 17.67 14.33 32 32 32h32c17.67 0 32-14.33 32-32V304h144c17.67 0 32-14.33 32-32v-32c0-17.67-14.33-32-32-32z\"><\/path><\/svg><\/span><span class=\"eael-advanced-accordion-icon-opened\"><svg aria-hidden=\"true\" class=\"fa-accordion-icon e-font-icon-svg e-fas-minus\" viewBox=\"0 0 448 512\" xmlns=\"http:\/\/www.w3.org\/2000\/svg\"><path d=\"M416 208H32c-17.67 0-32 14.33-32 32v32c0 17.67 14.33 32 32 32h384c17.67 0 32-14.33 32-32v-32c0-17.67-14.33-32-32-32z\"><\/path><\/svg><\/span><span class=\"eael-accordion-tab-title\">8\u00b0 Recaudos para el Registro de Instituci\u00f3n Formadora <\/span><\/div><div id=\"elementor-tab-content-3298\" class=\"eael-accordion-content clearfix\" data-tab=\"8\" aria-labelledby=\"8-recaudos-para-el-registro-de-institucin-formadora-\"><a href=\"http:\/\/www.sacs.gob.ve\/site\/wp-content\/uploads\/2025\/11\/8-Registro-de-Institucion-Formadora-2.pdf\" download=\"\">Haz clic aqu\u00ed para descargar el archivo<\/a><\/div>\n                <\/div><div class=\"eael-accordion-list\">\n                <div id=\"9-recaudos-para-el-registro-de-aprendiz-de-farmacia\" class=\"elementor-tab-title eael-accordion-header\" tabindex=\"0\" data-tab=\"9\" aria-controls=\"elementor-tab-content-3299\"><span class=\"eael-advanced-accordion-icon-closed\"><svg aria-hidden=\"true\" class=\"fa-accordion-icon e-font-icon-svg e-fas-plus\" viewBox=\"0 0 448 512\" xmlns=\"http:\/\/www.w3.org\/2000\/svg\"><path d=\"M416 208H272V64c0-17.67-14.33-32-32-32h-32c-17.67 0-32 14.33-32 32v144H32c-17.67 0-32 14.33-32 32v32c0 17.67 14.33 32 32 32h144v144c0 17.67 14.33 32 32 32h32c17.67 0 32-14.33 32-32V304h144c17.67 0 32-14.33 32-32v-32c0-17.67-14.33-32-32-32z\"><\/path><\/svg><\/span><span class=\"eael-advanced-accordion-icon-opened\"><svg aria-hidden=\"true\" class=\"fa-accordion-icon e-font-icon-svg e-fas-minus\" viewBox=\"0 0 448 512\" xmlns=\"http:\/\/www.w3.org\/2000\/svg\"><path d=\"M416 208H32c-17.67 0-32 14.33-32 32v32c0 17.67 14.33 32 32 32h384c17.67 0 32-14.33 32-32v-32c0-17.67-14.33-32-32-32z\"><\/path><\/svg><\/span><span class=\"eael-accordion-tab-title\">9\u00b0 Recaudos para el Registro de Aprendiz de Farmacia<\/span><\/div><div id=\"elementor-tab-content-3299\" class=\"eael-accordion-content clearfix\" data-tab=\"9\" aria-labelledby=\"9-recaudos-para-el-registro-de-aprendiz-de-farmacia\"><a href=\"http:\/\/www.sacs.gob.ve\/site\/wp-content\/uploads\/2025\/11\/9-Registro-de-Aprendiz-de-Farmacia-2.pdf\" download=\"\">Haz clic aqu\u00ed para descargar el archivo<\/a><\/div>\n                <\/div><div class=\"eael-accordion-list\">\n                <div id=\"10-recaudos-para-el-registro-de-auxiliar-de-farmacia-por-estudio\" class=\"elementor-tab-title eael-accordion-header\" tabindex=\"0\" data-tab=\"10\" aria-controls=\"elementor-tab-content-32910\"><span class=\"eael-advanced-accordion-icon-closed\"><svg aria-hidden=\"true\" class=\"fa-accordion-icon e-font-icon-svg e-fas-plus\" viewBox=\"0 0 448 512\" xmlns=\"http:\/\/www.w3.org\/2000\/svg\"><path d=\"M416 208H272V64c0-17.67-14.33-32-32-32h-32c-17.67 0-32 14.33-32 32v144H32c-17.67 0-32 14.33-32 32v32c0 17.67 14.33 32 32 32h144v144c0 17.67 14.33 32 32 32h32c17.67 0 32-14.33 32-32V304h144c17.67 0 32-14.33 32-32v-32c0-17.67-14.33-32-32-32z\"><\/path><\/svg><\/span><span class=\"eael-advanced-accordion-icon-opened\"><svg aria-hidden=\"true\" class=\"fa-accordion-icon e-font-icon-svg e-fas-minus\" viewBox=\"0 0 448 512\" xmlns=\"http:\/\/www.w3.org\/2000\/svg\"><path d=\"M416 208H32c-17.67 0-32 14.33-32 32v32c0 17.67 14.33 32 32 32h384c17.67 0 32-14.33 32-32v-32c0-17.67-14.33-32-32-32z\"><\/path><\/svg><\/span><span class=\"eael-accordion-tab-title\">10\u00b0 Recaudos para el Registro de Auxiliar de Farmacia por Estudio<\/span><\/div><div id=\"elementor-tab-content-32910\" class=\"eael-accordion-content clearfix\" data-tab=\"10\" aria-labelledby=\"10-recaudos-para-el-registro-de-auxiliar-de-farmacia-por-estudio\"><a href=\"http:\/\/www.sacs.gob.ve\/site\/wp-content\/uploads\/2025\/11\/10-Registro-de-Auxiliar-de-Farmacia-por-Estudio-2.pdf\" download=\"\">Haz clic aqu\u00ed para descargar el archivo<\/a><\/div>\n                <\/div><div class=\"eael-accordion-list\">\n                <div id=\"11-recaudos-para-el-registro-de-auxiliar-de-farmacia-por-experiencia\" class=\"elementor-tab-title eael-accordion-header\" tabindex=\"0\" data-tab=\"11\" aria-controls=\"elementor-tab-content-32911\"><span class=\"eael-advanced-accordion-icon-closed\"><svg aria-hidden=\"true\" class=\"fa-accordion-icon e-font-icon-svg e-fas-plus\" viewBox=\"0 0 448 512\" xmlns=\"http:\/\/www.w3.org\/2000\/svg\"><path d=\"M416 208H272V64c0-17.67-14.33-32-32-32h-32c-17.67 0-32 14.33-32 32v144H32c-17.67 0-32 14.33-32 32v32c0 17.67 14.33 32 32 32h144v144c0 17.67 14.33 32 32 32h32c17.67 0 32-14.33 32-32V304h144c17.67 0 32-14.33 32-32v-32c0-17.67-14.33-32-32-32z\"><\/path><\/svg><\/span><span class=\"eael-advanced-accordion-icon-opened\"><svg aria-hidden=\"true\" class=\"fa-accordion-icon e-font-icon-svg e-fas-minus\" viewBox=\"0 0 448 512\" xmlns=\"http:\/\/www.w3.org\/2000\/svg\"><path d=\"M416 208H32c-17.67 0-32 14.33-32 32v32c0 17.67 14.33 32 32 32h384c17.67 0 32-14.33 32-32v-32c0-17.67-14.33-32-32-32z\"><\/path><\/svg><\/span><span class=\"eael-accordion-tab-title\">11\u00b0 Recaudos para el Registro de Auxiliar de Farmacia por Experiencia<\/span><\/div><div id=\"elementor-tab-content-32911\" class=\"eael-accordion-content clearfix\" data-tab=\"11\" aria-labelledby=\"11-recaudos-para-el-registro-de-auxiliar-de-farmacia-por-experiencia\"><a href=\"http:\/\/www.sacs.gob.ve\/site\/wp-content\/uploads\/2025\/11\/11-Registro-de-Auxiliar-de-Farmacia-por-Experiencia-1.pdf\" download=\"\">Haz clic aqu\u00ed para descargar el archivo<\/a><\/div>\n                <\/div><\/div>\t\t<\/div>\n\t\t\t\t<\/div>\n\t\t\t\t\t<\/div>\n\t\t<\/div>\n\t\t\t\t\t<\/div>\n\t\t<\/section>\n\t\t<div class=\"elementor-element elementor-element-292c74d e-flex e-con-boxed e-con e-parent\" data-id=\"292c74d\" data-element_type=\"container\">\n\t\t\t\t\t<div class=\"e-con-inner\">\n\t\t\t\t\t<\/div>\n\t\t\t\t<\/div>\n\t\t\t\t<\/div>\n\t\t","protected":false},"excerpt":{"rendered":"<p>Recaudos de la Direcci\u00f3n de Legalizaci\u00f3n y Vigilancia de Libre Ejercicio de los Profesionales de Salud Division de Registros y Control de Profesionales de la Salud 1\u00b0 Recaudos para la Certificaci\u00f3n de Haber Cumplido el Art\u00edculo 8 de la Ley del Ejercicio de la Medicina (Exterior)Haz clic aqu\u00ed para descargar el archivo 2\u00b0 Recaudos para&#8230;<\/p>\n","protected":false},"author":1,"featured_media":0,"parent":0,"menu_order":0,"comment_status":"closed","ping_status":"closed","template":"","meta":{"_kadence_starter_templates_imported_post":false,"_kad_post_transparent":"","_kad_post_title":"hide","_kad_post_layout":"fullwidth","_kad_post_sidebar_id":"","_kad_post_content_style":"unboxed","_kad_post_vertical_padding":"hide","_kad_post_feature":"hide","_kad_post_feature_position":"","_kad_post_header":false,"_kad_post_footer":false,"footnotes":""},"class_list":["post-17407","page","type-page","status-publish","hentry"],"_links":{"self":[{"href":"http:\/\/www.sacs.gob.ve\/site\/wp-json\/wp\/v2\/pages\/17407","targetHints":{"allow":["GET"]}}],"collection":[{"href":"http:\/\/www.sacs.gob.ve\/site\/wp-json\/wp\/v2\/pages"}],"about":[{"href":"http:\/\/www.sacs.gob.ve\/site\/wp-json\/wp\/v2\/types\/page"}],"author":[{"embeddable":true,"href":"http:\/\/www.sacs.gob.ve\/site\/wp-json\/wp\/v2\/users\/1"}],"replies":[{"embeddable":true,"href":"http:\/\/www.sacs.gob.ve\/site\/wp-json\/wp\/v2\/comments?post=17407"}],"version-history":[{"count":19,"href":"http:\/\/www.sacs.gob.ve\/site\/wp-json\/wp\/v2\/pages\/17407\/revisions"}],"predecessor-version":[{"id":17756,"href":"http:\/\/www.sacs.gob.ve\/site\/wp-json\/wp\/v2\/pages\/17407\/revisions\/17756"}],"wp:attachment":[{"href":"http:\/\/www.sacs.gob.ve\/site\/wp-json\/wp\/v2\/media?parent=17407"}],"curies":[{"name":"wp","href":"https:\/\/api.w.org\/{rel}","templated":true}]}}